u - 50. What is k(5)?
19
Let y(x) be the third derivative of 2*x**2 + 0*x + 1/8*x**4 - 1/20*x**5 + 0 + 0*x**3. Suppose 0 = -4*u + 11 - 3. Give y(u).
-6
Suppose 0*w + 1 = -w - z, 3*z - 9 = 3*w. Let k = w - -4. Let n(a) = -3*a**k + 6*a + 2*a - 9 + 3*a**2 - a**2. What is n(6)?
3
Let n be -7 + (0/5 - -4). Let j(r) = -3*r - 2*r**2 - 3 + 0*r**3 + 3*r - r**3. Let o be j(n). Let c(b) = -b**2 + 6*b + 3. What is c(o)?
3
Suppose 0 = -4*t - 15 + 35. Let d(m) = -m**2 + 2*m**3 + 3*m + t*m - 3*m**3 - 9*m - 2. Calculate d(-2).
4
Let r(k) = 3*k + 67. Let l be r(-19). Let h(g) = -3*g + 32. Calculate h(l).
2
Let g = -29 - -34. Suppose 4 = -2*d - 0*y + y, 16 = -g*d + y. Let h(z) = -z**3 + z**2 - z - 5. Let t(b) = b**2 + b. Let f(u) = h(u) - 6*t(u). What is f(d)?
7
Let l(d) be the first derivative of d**3/3 + 7*d**2/2 + 7*d + 1. Let k(s) = 2*s**2 + 0*s**2 + 9 + 5*s + 6 + 10*s. Let q(v) = -3*k(v) + 7*l(v). Give q(-3).
1
Let t(h) = -2*h - 5. Let g(y) = -4*y + 44. Let x be g(12). Determine t(x).
3
Let q(h) = h**2 + 26*h - 19. Let i be q(-27). Let w(m) = m + 7. Calculate w(i).
15
Suppose 4*i = 3*o + 23, -11*i + 10 = -9*i. Let u(k) = -40*k - 5. Let y(c) = 8*c + 1. Let w(j) = -2*u(j) - 11*y(j). What is w(o)?
7
Suppose 5*f + 331 - 326 = 0. Let i(h) = h**2 + h - 2. Let u(x) = 4*x**2 + 6*x - 11. Let z(k) = 11*i(k) - 2*u(k). What is z(f)?
4
Let w(i) = -11*i**2 + 8*i - 1. Let c be ((0 - -8)/(-1))/(-2). Let p(m) = 5*m**2 - 3*m. Let x(g) = c*w(g) + 9*p(g). What is x(-6)?
2
Suppose 0*o + 6 = -o + 2*n, 4*o - 3*n = -34. Let t(f) = -f - 2. What is t(o)?
8
Let h = -8 - -5. Let j(a) be the third derivative of -a**6/360 - a**5/120 + a**4/8 - 2*a**3 + 7*a**2. Let x(p) be the first derivative of j(p). What is x(h)?
-3
Let r = -4 - -6. Suppose -2*c - r*c = -72. Let a(j) = 4 - 15*j + c*j - 11*j + 8*j**2 - j**3. What is a(7)?
-3
Let b(s) = s**3 - 6*s**2 - 3*s + 9. Let d = -3 + 8. Let x = d - -1. Determine b(x).
-9
Let d(r) = -10*r**3 + r**2 - r - 1. Let b = 506 + -507. What is d(b)?
11
Let y(z) = 3*z - 6*z**3 + 8*z**3 - 3*z**3 + 5 - 5*z - z**2. Determine y(0).
5
Let c = 43 - 42. Let s be 2 + (3 - (c + 6)) + 6. Let h(g) = 2*g**2 - 4*g - 3. Calculate h(s).
13
Let i be 0 - ((-2 - -3) + 3). Let x(n) be the first derivative of -n**3/3 - n**2/2 + 886. What is x(i)?
-12
Let o(d) = d**3 - d**2 - 2. Let a(q) = -5 + 5 + q**2 - 5*q - 3. Let r be a(6). Let m = r - 3. Give o(m).
-2
Let d be 4*((-44)/8 + 1). Let z be 10/(-40) - d/8. Let p(c) = -2*c**2 + 9*c - 9. Let t(i) = i**2 - 5*i + 5. Let n(w) = -3*p(w) - 5*t(w). Calculate n(z).
2
Suppose 0 = -4*d + 3509 + 899. Let v(g) = 1110 - 3*g**2 - 11*g + 4*g**2 - d. Calculate v(11).
8
Let a(s) = 5*s**2 - 9*s - 2. Let k(o) = 6*o**2 - 11*o - 2. Let d(m) = 7*a(m) - 6*k(m). Suppose 5*q + 6 = 31. What is d(q)?
-12
Let w = 17 - 14. Suppose -4*m + 5*p = -71, m - w*p = p + 26. Let z be ((-1)/3)/(m/(-126)). Let b(i) = 2*i. Determine b(z).
6
Suppose -2 = -2*z + 4. Suppose 0 = 4*a - 11 + 3. Let h(y) = -4*y + y - y + y - a. Calculate h(z).
-11
Let d(w) = 23*w - 57. Let o(r) = -4*r + 10. Let t(x) = 6*d(x) + 34*o(x). Calculate t(2).
2
Let w(f) be the first derivative of -f**4/4 + f**3/3 + 13*f - 9. Let n be -1 - (-2)/(-4)*(-4)/2. What is w(n)?
13
Suppose 0 = 11*h + h. Let x(q) = -q + 3. Calculate x(h).
3
Suppose 0 = 2*h + 6, 2*h = -i + 7*h + 17. Suppose i*o + 4*j - 3 = j, 4*o - 3*j + 3 = 0. Let y(a) = a + 13. Calculate y(o).
13
Let r = -3 - -6. Let w(x) be the second derivative of x**6/360 - x**5/40 - x**4/24 - 7*x**3/3 + 21*x. Let j(f) be the second derivative of w(f). What is j(r)?
-1
Let r(a) = -a + 3. Suppose 0 = -0*t - 4*t + 32. Let b(n) = -5*n + 7. Let w be b(t). Let q(h) = 6*h - 16. Let s(y) = w*r(y) - 6*q(y). Determine s(-3).
6
Let k = 591 + -583. Let q(s) = -s + 3. Determine q(k).
-5
Let m(z) be the second derivative of z**5/20 - z**4/2 - 4*z**3/3 - 5*z**2/2 - 233*z. Calculate m(6).
-53
Let h(q) = -10*q**2 + q - 1. Suppose 4*u + 40 = -16. Let w = u + 17. Let b(r) = -11*r**2 + 2*r - 1. Let n(g) = w*b(g) - 4*h(g). Determine n(-1).
6
Let y(z) = -z**3 - 7*z**2 + 7. Suppose -r = -4*l + 41, r + l = -66 + 15. Let c = 42 + r. Give y(c).
7
Let u(r) = r - 3. Let s(l) = 4*l - 9. Let t(j) = 2*s(j) - 7*u(j). Let z be t(-3). Let h(o) = 3 + 4*o**2 + o**3 - 2*o**2 - 3*o**2 - 2*o + z*o**3. Determine h(2).
3
Let x(n) = -n**2 - 15*n - 6. Suppose -6*d - 47 = 31. Determine x(d).
20
Let l be (-228)/(-95) - 4/10. Let m(a) = 14*a**2 - 13*a**l - 2 + 5 + 6*a. What is m(-4)?
-5
Let o = 20 - 23. Let c(j) = 1. Let m(n) = -2*n**2 - 5*n + 3. Let r(x) = 5*c(x) - m(x). Calculate r(o).
5
Let g(t) be the third derivative of -t**7/5040 + t**6/240 + 19*t**5/60 - 17*t**2. Let r(i) be the third derivative of g(i). Determine r(0).
3
Let x(l) = l**3 + 4*l**2 + 3*l - 4. Let n be (-40)/(-3) + (-5)/(20 + -5). Suppose n = -5*a - 7. Give x(a).
-16
Let x(v) be the first derivative of 8 + 1/6*v**4 - 3/2*v**3 + 0*v + 3/2*v**2. Let q(o) be the second derivative of x(o). Determine q(6).
15
Let a(l) be the second derivative of l**3/2 - 3*l**2 - l + 17. Give a(4).
6
Let u(d) = d**2 + 7*d - 13. Suppose 84*c - 54 = 90*c. What is u(c)?
5
Let h(d) = 10*d**3 + 10 - 8*d - 2 - 9*d**2 + 6*d**3 - 22*d**3 + 5*d**3. Determine h(-8).
8
Let c(p) = -p**2 + 14*p + 47. Let i be c(17). Let d(h) = -h**3 - 3*h**2 + 4*h - 3. What is d(i)?
-3
Let k(q) be the first derivative of q**4/24 - q**3/2 - 13*q**2/2 + 18. Let g(h) be the second derivative of k(h). Give g(10).
7
Let y = 10 + -6. Let r(k) = -k**3 + 5*k**2 + k - 3. Calculate r(y).
17
Let u = -986 + 994. Let a(c) = 4*c - 28. Calculate a(u).
4
Let z be (-2)/5 - (-8)/20. Let d(w) = -2*w**3 + 5*w**3 - 2*w**3 + 4*w**2 - 3*w**2 - w + 9. Give d(z).
9
Suppose -4*w = b + 19, -5*b + 8*b = 15. Let r(l) = 2 + 3 - 4 + l. Give r(w).
-5
Let h(n) be the second derivative of n**3/2 - 2*n**2 + 135*n + 3. Determine h(-3).
-13
Let d be (-8)/(-24)*117/(-13). Let l(a) = -a**3 - 4*a**2 - 6. Determine l(d).
-15
Suppose 5 = i, -4*n - 3*i - 5 = -0. Let k = n - 2. Let d(j) = -4*j**2 - 5*j - 3. Let b(o) = 5*o**2 + 4*o + 3. Let h(g) = -3*b(g) - 4*d(g). Determine h(k).
-4
Let f(y) = 20*y**2 - 29*y - 20. Let r(d) = -7*d**2 + 10*d + 7. Let a(w) = 6*f(w) + 17*r(w). Let t = 20 - 10. Let k = -6 + t. Determine a(k).
-1
Suppose k = 3*k - 6. Suppose 26*q - 58 = -58. Let c(r) = q*r**3 - 8*r**2 + 2 + r**k + 9*r**2 + r + 1. Calculate c(0).
3
Suppose -k + 6 = -2*m, -5*k - 2*m = -2*k - 18. Suppose -4*s + 12 = -3*n - 5, 4*n - 2*s = -k. Let t(h) = -4*h**2 + h - 1. Calculate t(n).
-4
Let y(s) = -s**3 - 8*s**2 - s - 8. Let j = 29 + -37. Determine y(j).
0
Let l(c) = -c**3 - 4*c**2 - 2*c + 10. Let g(v) = 5*v**3 + 19*v**2 + 15*v - 50. Let t(j) = 2*g(j) + 11*l(j). Determine t(-7).
3
Let d(s) be the first derivative of s**3/3 + 3*s**2/2 - 3*s - 58. What is d(-6)?
15
Let b(w) be the third derivative of w**6/120 + 3*w**5/20 - 5*w**4/12 + 2*w**3/3 + 2*w**2. Suppose -f - 90 = 8*f. Determine b(f).
4
Let i(s) = -s. Let r = 38 - 39. Let h(m) = m**2 + 13*m - 4. Let k(g) = r*h(g) - 6*i(g). Determine k(-4).
16
Suppose 0 = 125*c - 156*c + 62. Let a(k) be the first derivative of -k**4/2 - k**2/2 + 2*k + 1. Determine a(c).
-16
Let b = -35 + 38. Suppose -3*q - 2*x - 20 = 0, 0 = -3*q - b*x - 19 - 2. Let n(o) = o - 5. Calculate n(q).
-11
Let b(f) = -f**3 - 4*f**2 + 3*f - 9. Let a = 866 + -871. Calculate b(a).
1
Let r = -1913 + 1919. Let c(u) = -5*u - 3. Let g(v) = v - 1. Let w(m) = c(m) + 2*g(m). Give w(r).
-23
Let w(g) = -g**3 + 8*g**2 - 10*g - 10. Let d = 114 + -108. What is w(d)?
2
Let z(r) be the second derivative of r**5/20 - r**4 + r**3/2 - 18*r**2 + 5*r - 8. Calculate z(12).
0
Let s = 68 - 5. Suppose s = 30*g - 39*g. Let w(z) = z - 5. Give w(g).
-12
Let t(d) = 4*d - 10*d + 5*d - 6. Give t(-6).
0
Let t(d) = -3 + 102243*d - 102241*d + 3 - 13*d**2. Give t(2).
-48
Let g(w) be the third derivative of -w**4/12 - 5*w**3/3 - 50*w**2. Give g(-7).
4
Let h(o) = 5*o**2 - o - 8. Let j(l) = -3*l**2 + l + 5. Let v(b) = 5*h(b) + 8*j(b). Let x(n) = n**2 - 11*n + 5. Let q be x(10). Determine v(q).
10
Let h(g) be the first derivative of -g**2/2 - 73. Determine h(1).
-1
Let s(k) = k**3 + 9*k**2 - 8*k - 8. Suppose -86*q - 489 = 371. Give s(q).
-28
Suppose -t - 2 = -g, -3*g + 0*g - 3*t = -12. Let w(c) = -c + 3*c - g + 1 - 2. Give w(4).
4
Let v = 29 - 24. Let